igit of 866310?
1
What is the millions digit of 2539748?
2
What is the ten millions digit of 27097884?
2
What is the hundred thousands digit of 4247325?
2
What is the tens digit of 179422?
2
What is the units digit of 119045?
5
What is the units digit of 51446?
6
What is the thousands digit of 30911197?
1
What is the units digit of 2105625?
5
What is the units digit of 10452583?
3
What is the millions digit of 1235796?
1
What is the hundreds digit of 34941563?
5
What is the tens digit of 18053965?
6
What is the thousands digit of 760844?
0
What is the ten thousands digit of 9532930?
3
What is the ten thousands digit of 63262?
6
What is the units digit of 3379072?
2
What is the hundreds digit of 1531269?
2
What is the thousands digit of 34087163?
7
What is the hundreds digit of 476691?
6
What is the hundred thousands digit of 3523744?
5
What is the hundreds digit of 4913351?
3
What is the units digit of 114062?
2
What is the ten thousands digit of 1205550?
0
What is the units digit of 1287823?
3
What is the units digit of 347059?
9
What is the ten thousands digit of 135135?
3
What is the hundreds digit of 113941?
9
What is the thousands digit of 4055953?
5
What is the tens digit of 762030?
3
What is the tens digit of 208280?
8
What is the ten millions digit of 13413216?
1
What is the hundred thousands digit of 295294?
2
What is the millions digit of 10454162?
0
What is the ten thousands digit of 145863?
4
What is the millions digit of 8251896?
8
What is the thousands digit of 2333761?
3
What is the units digit of 6331321?
1
What is the hundreds digit of 1738505?
5
What is the ten thousands digit of 268084?
6
What is the tens digit of 1218073?
7
What is the thousands digit of 18335667?
5
What is the tens digit of 6292022?
2
What is the tens digit of 332424?
2
What is the units digit of 334430?
0
What is the millions digit of 1859064?
1
What is the ten thousands digit of 2564721?
6
What is the tens digit of 166288?
8
What is the tens digit of 76935?
3
What is the ten thousands digit of 465723?
6
What is the ten thousands digit of 370712?
7
What is the millions digit of 15616871?
5
What is the tens digit of 2656017?
1
What is the units digit of 2058225?
5
What is the thousands digit of 2234486?
4
What is the tens digit of 381397?
9
What is the units digit of 4184352?
2
What is the thousands digit of 5639669?
9
What is the ten thousands digit of 24697?
2
What is the hundred thousands digit of 1770836?
7
What is the ten thousands digit of 2761559?
6
What is the millions digit of 2208520?
2
What is the thousands digit of 259484?
9
What is the millions digit of 2850289?
2
What is the hundreds digit of 120273?
2
What is the hundreds digit of 220143?
1
What is the millions digit of 2647767?
2
What is the tens digit of 847452?
5
What is the ten thousands digit of 2296704?
9
What is the ten thousands digit of 784422?
8
What is the ten thousands digit of 167688?
6
What is the hundred thousands digit of 295238?
2
What is the tens digit of 1247931?
3
What is the millions digit of 2382145?
2
What is the tens digit of 205476?
7
What is the thousands digit of 297937?
7
What is the tens digit of 433177?
7
What is the units digit of 195626?
6
What is the millions digit of 6664450?
6
What is the hundred thousands digit of 7594288?
5
What is the ten thousands digit of 5242329?
4
What is the ten thousands digit of 27622?
2
What is the thousands digit of 36938?
6
What is the tens digit of 1917288?
8
What is the thousands digit of 260198?
0
What is the hundreds digit of 9869240?
2
What is the ten thousands digit of 739306?
3
What is the units digit of 861541?
1
What is the tens digit of 370220?
2
What is the ten thousands digit of 1116528?
1
What is the hundreds digit of 5730127?
1
What is the tens digit of 193593?
9
What is the hundred thousands digit of 401085?
4
What is the units digit of 861438?
8
What is the hundred thousands digit of 6182296?
1
What is the hundreds digit of 261150?
1
What is the thousands digit of 18953?
8
What is the units digit of 3135050?
0
What is the millions digit of 1919957?
1
What is the hundreds digit of 4829886?
8
What is the hundred thousands digit of 1293315?
2
What is the hundreds digit of 26769536?
5
What is the hundreds digit of 2599238?
2
What is the tens digit of 2744791?
9
What is the thousands digit of 162418?
2
What is the hundreds digit of 4303309?
3
What is the hundred thousands digit of 981042?
9
What is the hundreds digit of 281317?
3
What is the millions digit of 3312896?
3
What is the hundred thousands digit of 7221317?
2
What is the tens digit of 5635876?
7
What is the hundred thousands digit of 458234?
4
What is the hundreds digit of 490133?
1
What is the units digit of 6684152?
2
What is the units digit of 283034?
4
What is the thousands digit of 126857?
6
What is the units digit of 29225254?
4
What is the hundred thousands digit of 216357?
2
What is the hundreds digit of 1420504?
5
What is the ten thousands digit of 563581?
6
What is the tens digit of 3881306?
0
What is the millions digit of 11629349?
1
What is the units digit of 1095063?
3
What is the hundred thousands digit of 1682430?
6
What is the tens digit of 2744975?
7
What is the thousands digit of 234838?
4
What is the hundred thousands digit of 11521473?
5
What is the hundred thousands digit of 1181052?
1
What is the ten thousands digit of 8133651?
3
What is the millions digit of 5728323?
5
What is the hundreds digit of 5358798?
7
What is the hundred thousands digit of 647736?
6
What is the hundred thousands digit of 947897?
9
What is the thousands digit of 395217?
5
What is the units digit of 4679439?
9
What is the thousands digit of 4718219?
8
What is the thousands digit of 264068?
4
What is the units digit of 6841953?
3
What is the units digit of 19742?
2
What is the hundred thousands digit of 765535?
7
What is the tens digit of 644714?
1
What is the thousands digit of 3156990?
6
What is the ten thousands digit of 2754627?
5
What is the hundreds digit of 360120?
1
What is the tens digit of 4500433?
3
What is the hundred thousands digit of 1179887?
1
What is the hundreds digit of 3671?
6
What is the thousands digit of 4693581?
3
What is the hundreds digit of 1588447?
4
What is the thousands digit of 761849?
1
What is the ten millions digit of 10372194?
1
What is the thousands digit of 389281?
9
What is the tens digit of 1591349?
4
What is the hundred thousands digit of 1366340?
3
What is the hundreds digit of 1022439?
4
What is the thousands digit of 2701826?
1
What is the tens digit of 12135566?
6
What is the millions digit of 1520601?
1
What is the thousands digit of 922482?
2
What is the units digit of 3436513?
3
What is the tens digit of 1418002?
0
What is the hundreds digit of 631366?
3
What is the thousands digit of 32388564?
8
What is the millions digit of 2262499?
2
What is the millions digit of 5123517?
5
What is the millions digit of 4424894?
4
What is the units digit of 6853966?
6
What is the hundreds digit of 216955?
9
What is the thousands digit of 8293736?
3
What is the ten thousands digit of 813497?
1
What is the hundred thousands digit of 684661?
6
What is the thousands digit of 52366?
2
What is the tens digit of 7545740?
4
What is the ten thousands digit of 278980?
7
What is the millions digit of 8043053?
8
What is the hundred thousands digit of 875314?
8
What is the millions digit of 34386790?
4
What is the thousands digit of 687512?
7
What is the ten thousands digit of 257477?
5
What is the hundreds digit of 2566232?
2
What is the units digit of 39737853?
3
What is the ten thousands digit of 10181455?
8
What is the tens digit of 6328500?
0
What is the tens digit of 7693519?
1
What is the tens digit of 149620?
2
What is the tens digit of 669596?
9
What is the tens digit of 3575750?
5
What is the ten thousands digit of 12118397?
1
What is the hundreds digit of 8465236?
2
What is the units digit of 98330?
0
What is the thousands digit of 1010916?
0
What is the hundred thousands digit of 5375068?
3
What is the tens digit of 2957216?
1
What is the hundred thousands digit of 233736?
2
What is the hundred thousands digit of 1505419?
5
What is the ten thousands digit of 4115276?
1
What is the hundred thousands digit of 8866077?
8
What is 